 + -1 + 2).
-5
2 + 0 + (-2 - 1 - -1)
0
3 + 3 + (10 - 18)
-2
Calculate 1 + -10 - (-11 - 2 - -11).
-7
Calculate -15 + (17 - 5) + (1 - 4).
-6
What is 4 + 11 + -25 - (-2 - 1)?
-7
Calculate -4 + -1 + -16 + 13.
-8
0 + 10 + 0 + -4 + -3
3
Evaluate -17 + 12 - (-4 - 2).
1
Calculate 13 - (11 - (-2 + 0)).
0
Evaluate 1 + (5 + 2 - 12).
-4
Calculate -3 + (1 - (5 + -4 + -1)).
-2
What is 13 + -8 - (8 - 3)?
0
Evaluate ((-1 - 4) + 15 - 5) + -3.
2
What is the value of (1 - -1) + (12 - (25 - 9))?
-2
-4 - (3 - (7 + 3 + -3))
0
Evaluate 11 + (-24 - (-15 - -11)).
-9
Calculate 0 - -1 - (9 - (-13 - -22)).
1
What is -7 + 3 - (9 - 20)?
7
What is 0 - (-3 + 4 - 6)?
5
2 + -6 + -3 + 2
-5
Calculate (6 - 5) + -12 + 5 - -10.
4
What is the value of (5 + -5 - 6) + -4?
-10
What is the value of -12 + (6 + 3 - 2)?
-5
7 - (2 + 1 + 8)
-4
0 + -3 + 6 + -5
-2
Evaluate (-102 - -105) + -11 + -1.
-9
What is -1 - (2 - 6 - -7)?
-4
Evaluate (-14 - (8 + -17 - -3)) + 15.
7
Evaluate 2 - (11 + -1 - 4) - -6.
2
Evaluate (-3 - -2) + 1 + 2 + -3.
-1
What is 2 - (-3 + 2 + 2 + 0)?
1
Evaluate (2 + -2 + 0 - -1) + 2.
3
Calculate 2 + 4 + (-16 - -6).
-4
What is (0 - 7) + 12 + -9?
-4
7 + -2 - (-5 - -4) - 12
-6
What is -3 + (41 - 39) + (5 - 0)?
4
Evaluate (12 - 1) + (13 - 20) - -3.
7
(-2 - -2) + 0 + -2
-2
Evaluate 2 + (-10 - -6 - -4).
2
4 - (-3 - (1 + -11))
-3
What is the value of 6 - (-5 + 10 - 2)?
3
What is 5 + -10 + 8 + 3?
6
4 + 4 - 10 - (-1 + -5)
4
What is -2 + 1 + (4 - 4) + -1?
-2
What is the value of -9 + (-1 - (-7 - 0))?
-3
What is the value of (3 - (-1 + 4)) + 48 + -42?
6
What is the value of (4 - -2) + -10 + 3?
-1
13 + -29 + 13 + 0 + 2
-1
52 + -58 - (1 - 18)
11
Calculate (7 + -2 - 2) + -8 + 3.
-2
Evaluate 16 + -5 + -3 + -10.
-2
What is the value of -3 - 3 - 1 - (-38 - -36)?
-5
Calculate -20 - -17 - (-1 - -1).
-3
Evaluate -1 + (6 - -2) + -4 + -1.
2
Calculate -4 + 8 + (41 - 51).
-6
Evaluate 4 + (-2 - (3 - -4)).
-5
What is the value of 4 - (-1 - 5) - 8?
2
What is -2 + -2 + 21 + -13?
4
What is the value of -6 + 6 + -7 + -6 - -6?
-7
What is the value of (0 + -5 - (40 + -42)) + 4?
1
Calculate -7 - (-3 + 0 + -7) - -6.
9
10 + -2 - (-8 - -10) - 4
2
What is the value of -1 + 8 + -3 - 3?
1
Evaluate -11 - -14 - (-1 + 0 + 2).
2
What is the value of -8 - -10 - (1 - -4)?
-3
Evaluate (-4 + 12 - 8) + 0 + 1.
1
3 + (4 - (9 + -5 + -1))
4
What is 0 + (12 - 5 - 4)?
3
What is the value of 35 - 41 - ((5 - 3) + 1)?
-9
Calculate 1 + -8 + (-5 - -3) + 19.
10
1 + (4 - -4) - 15
-6
What is (0 - 1) + (-1 - (0 + -1))?
-1
What is 3 - 8 - (-5 + 4)?
-4
Evaluate 1 + (3 - 2) + -3 + 6.
5
Evaluate -1 + (14 - (1 - -5)).
7
Calculate -107 + 106 - (-5 + 1).
3
Calculate 10 - (9 + (8 - 14)).
7
What is the value of -3 - -3 - 7 - -4?
-3
What is the value of 9 - (3 + 3) - -2?
5
16 + -6 + (0 - 5)
5
Evaluate 9 + -4 - (4 - 1).
2
-4 + -1 + 2 + 3 + -5
-5
4 - 4 - 1 - -2
1
(-1 - 5) + (0 - -1)
-5
Evaluate -3 + (2 - ((3 - -1) + -4)).
-1
What is 9 - (3 - 0 - -1)?
5
Calculate -8 - (5 + -6 + -4).
-3
Calculate 1 + -1 + (4 - 0).
4
Calculate -3 + 3 - (-3 + 1).
2
What is 2 + -2 + 5 + -4 + -1?
0
Calculate -4 + -7 + 10 + -2.
-3
Calculate -7 - (2 + -1 + -5).
-3
Evaluate (-20 - -21) + (-2 - (2 - 13)).
10
Calculate 7 + -3 + -8 - -12.
8
Evaluate -9 - -12 - (0 - -3).
0
What is 0 - -2 - (2 - 2)?
2
Calculate -1 + -10 - (15 - 24).
-2
-3 - 6 - (-5 + 3)
-7
(-3 - 0) + 4 + 1
2
Calculate -20 + (-5 - -18) + -3.
-10
What is the value of (0 + (4 - 3) - 1) + 2?
2
What is -4 + (2 - -3) + (0 - 1)?
0
What is the value of 0 - (1 - (-2 - 1) - 4)?
0
Evaluate 4 + (2 - (2 + -4 + 4)).
4
Evaluate -5 - (-4 + 9 - 16).
6
What is the value of -5 + (-1 - ((1 - 5) + 2))?
-4
(12 - 27) + 2 + 5
-8
3 + 1 + -13 + 1
-8
Calculate (-5 - (4 + 1)) + 15.
5
What is -61 + 55 + (0 - -5)?
-1
What is -4 - (-2 - (1 - 3 - 1))?
-5
Calculate 0 + -4 - (43 - 43).
-4
What is -4 + 15 - (0 + 3)?
8
1 + (-1 - (2 - (-2 - -5)))
1
Evaluate 10 - (17 + -2) - -6.
1
What is 0 - 1 - ((-5 - -4) + 0)?
0
Evaluate (-4 - -5 - 2 - 3) + 1.
-3
Calculate (4 - 5 - -2) + -10.
-9
-4 + 1 + -4 + 5 + 4
2
What is (1 - ((4 - 2) + 3)) + 3?
-1
Calculate (13 - 0) + 1 + -8.
6
(-13 - 2 - -5) + 6 - -7
3
Evaluate 10 + -3 + 1 - (-4 - -6).
6
What is -6 + (-6 - -12) + -4?
-4
What is the value of (-4 - -2) + -5 + 6 - -5?
4
Evaluate 4 + 0 + (-3 - -5) + -3.
3
What is the value of 1 - -1 - ((0 - 3) + 3)?
2
Evaluate (9 + -3 - -9) + -13.
2
What is -5 - (5 - 15) - 9 - -3?
-1
Calculate -10 + -2 - -6 - -7.
1
Evaluate -3 + (-7 - -7 - 0) - -6.
3
What is -6 - ((1 - 9) + -2)?
4
Calculate 3 - (4 - (-6 + (5 - 1))).
-3
What is 0 + (-2 - -1 - 1)?
-2
What is (1 - -1) + -6 + -1?
-5
Calculate -5 - ((-13 - -1) + 3).
4
What is the value of -15 - (3 - 11) - -5?
-2
What is the value of -73 - -77 - (0 - 0 - -4)?
0
Calculate (-11 - -2) + 39 + -25.
5
5 - (12 - (-1 - -6))
-2
1 - 1 - (-4 + (4 - -3))
-3
What is 1 - 1 - ((-3 - 6) + 15)?
-6
Calculate (-13 - -15) + (-1 - 0 - 3).
-2
What is the value of (0 - -2) + -7 + -8 + 18?
5
What is 8 - 8 - (-6 - 2)?
8
-5 - (-12 - -2 - (-18 + 20))
7
(-2 - -2 - 1) + -4 + 3
-2
Calculate (-14 - (-9 - 6)) + -3.
-2
What is 12 - (4 + -7 - -9) - -1?
7
Evaluate -2 + (-3 - -4) + 0.
-1
Evaluate 7 - (-4 + 0 - (9 + -11)).
9
0 + (5 - (2 + -2)) + -6
-1
-3 - -7 - 5 - -4
3
-5 - (1 + 0 + 14 + -18)
-2
Calculate -5 + (9 - (9 - 5)).
0
Calculate -2 + -7 + 4 - 1.
-6
-2 + 6 + 0 + 1 + 0
5
-1 + (4 - (5 + -3))
1
(2 - -4) + -2 - 8
-4
What is 15 + (-30 - -8) + 10?
3
Evaluate (-2 - 7 - 0) + 5.
-4
What is the value of -3 + 2 + -2 + 5?
2
What is 2 + (5 - 3 - 3)?
1
Evaluate (-6 + 11 - 10) + 1 + 5.
1
What is the value of (1 - (0 - -2) - 3) + 3?
-1
What is 1 + 1 - (-1 - (-8 + 5))?
0
10 - 4 - -5 - 9
2
What is -2 - (-1 + (-1 - -4))?
-4
-5 - 0 - -4 - 4
-5
What is (-3 - -4) + -7 + 1?
-5
Calculate -11 + (10 - (13 + (-3 - 4))).
-7
What is the value of -6 + 0 + 48 + -34?
8
Calculate -2 - ((-4 - -11) + -15).
6
Calculate -8 - (-11 - -12 - (2 - -4)).
-3
What is -10 - -6 - -9 - (1 - 1)?
5
Calculate (4 - (-2 - -14)) + 6 - 5.
-7
Calculate 11 - (-1 - -5) - (0 - -2).
5
Evaluate 8 + 1 - (130 - 116).
-5
-2 - 8 - (-15 + 21 + -6)
-10
Calculate 2 + (-12 - -6) + (1 - 1).
-4
What is the value of 13 + 7 + -14 + -8?
-2
What is -24 + (-10 - -12) + 12?
-10
Calculate (1 - (4 - (0 + 6))) + -4.
-1
Calculate (3 - (-8 - -14)) + 1.
-2
Evaluate 4 - (0 + 2 - (4 - 0)).
6
Calculate 1 - -7 - (23 - 21).
6
Calculate 5 - -3 - 6 - 4.
-2
Evaluate -3 - (-4 - 1) - -3.
5
What is the value of (4 - 3) + (0 - 2) + 7?
6
What is the value of -9 + (-1 + 1 - 3 - -4)?
-8
Evaluate 2 + (-3 - (2 - 1)).
-2
What is (9 - 12) + -1 - 1?
-5
6 + 1 + -2 + 4 + -4
5
What is the value of -1 - (2 + (-3 + 3 - 5))?
2
What is -12 + 2 - (-1 - 3)?
-6
6 - 3 - (15 + -13)
1
What is -4 + 3 - -2 - -2?
3
What is the value of 2 + -4 + -3 + 7?
2
Evaluate (0 - 3 - 0) + (-5 - -6).
-2
What is 7 + 0 + -1 - (0 + 3)?
3
What is the value of 3 + -8 + 4 + -1?
-2
Evaluate -6 - (7 + -6 - 3).
-4
Evaluate 2 - (-1 + 7 + -4).
0
Evaluate -5 + 6 - ((3 - -1) + -2).
-1
Evaluate (-1 - 0 - (0 - -1)) + 3.
1
Evaluate 8 - (3 - (-4 + 2)).
3
Evaluate 8 + 2 + -10 + 2.
2
Evaluate -11 + 1 - (-3 + -15).
8
What is the value of 4 + 4 + -3 + -2 + 2?
5
What is 7 - 9 - (6 - 1 - 5)?
-2
What is 1 - (2 + -2 + 4) - -7?
4
What is 0 - (-2 + (2 - (2 - -1)))?
3
Evaluate 5 - 5 - (2 - -1) - 1.
-4
What is the value of -1 - (1 + 1) - 0?
-3
Evaluate 0 - -5 - (-3 + 8).
0
What is the value of (-9 - (0 - 7)) + (2 - -1)?
1
Evaluate 7 + (11 - 2) - 7.
9
What is the value of -3 + (7 - 2) - (6 + -2)?
-2
What is (2 - 4) + 0 + 7?
5
Evaluate -1 - (1 - ((3 - -2) + -1)).
2
What is the value of -1 - (-11 - -4 - -6)?
0
What is the value of -3 + (-1 - -3) + 0?
-1
What is the value of 9 + 0 + -12 - 3?
-6
0 + -5 + (19 - 14)
0
-1 + -10 - (-16 + (-17 - -28))
-6
What is 8 - (-1 + 5) - (13 - 2)?
-7
What is (4 - 8 - (0 + 0)) + 5?
1
What is -5 + 8 + -1 + -1 + -5?
-4
2 + -3 + (5 - 3 - 1)
0
Calculate -1 + 3 - 4 - -4 - 1.
1
What is the value of 9 - (1 + 4 + -5 - -4)?
5
Calculate 26 + -26 - (3 - 1).
-2
(3 - 3) + -6 + -1 - -14
7
Evaluate 3 + (0 - (1 + 3)).
-1
2 - 5 - -8 - 0
5
0 - (0 - (10 + -6 - 11))
-7
What is the value of -12 + 13 + (5 - (0 - -3))?
3
Calculate 13 + 12 + -16 + -2 + 1.
8
What is -5 - -2 - ((-9 - -2) + -1)?
5
What is -9 + 0 - -23 - 4?
10
What is the value of 2 - ((1 - 1) + -4 - -1)?
5
What is 0 + -4 - (2 - 1)?
-5
Evaluate -7